ate the remainder when u is divided by 5.
2
Let d(k) = 3*k - 19*k**2 + 11*k**2 - 6*k + 11 - 2*k**3. What is the remainder when d(-5) is divided by 24?
4
Let j be 6/((-9)/(-7) - 8/28). Let u be (-2)/j - 262/(-3). Suppose 7*l - 389 = u. Calculate the remainder when l is divided by 10.
8
What is the remainder when 1086 is divided by (675/(-18))/(27/(-72))?
86
Let m(l) = 1. Let g(p) = 3*p + 2. Let a(s) = g(s) - 4*m(s). Suppose 28*z - 35*z = 19 - 89. What is the remainder when 82 is divided by a(z)?
26
Let d(b) = 55*b + 40. Let m be d(2). Suppose 9*h = 6*h - 4*v + 177, 3*h = 5*v + m. What is the remainder when 438 is divided by h?
53
Let z = -1718 + 1935. Calculate the remainder when z is divided by 72.
1
Let b(j) = 196*j + 1581. Calculate the remainder when -24*2*4/(-8) is divided by b(-8).
11
Let o = 735 - 312. Let i = -376 + o. What is the remainder when i is divided by 25?
22
Let g = 227 + -220. Suppose -8*k = g*k - 480. Calculate the remainder when 61 is divided by k.
29
Let l(k) = -k**2 - 8*k + 19. Let t be l(-10). Let p be (-4*t/4)/(1/11). Suppose -6*u + p = -55. Calculate the remainder when 32 is divided by u.
10
Suppose 0 = -3*p + 9 - 0, -5*p - 1493 = -2*c. Suppose 18*u - 31*u + c = 0. Calculate the remainder when u is divided by 21.
16
Suppose -1922 = -63*c + 58*c - 4*t, -2*t = -3*c + 1162. Let r = c + -154. Calculate the remainder when r is divided by 39.
37
Let v be -2*-1*12/4. Suppose 9*q - v*q - 30 = 0. Let s(k) = -k**2 + 9*k + 33. What is the remainder when 158 is divided by s(q)?
20
Let s(y) = 14 + 3 + 9 - 12*y. Let t be s(2). What is the remainder when 59 is divided by t/((-10)/(-4)*4/60)?
11
Let f(w) = -6*w + 545 + 4*w - 5*w - 461. Calculate the remainder when f(-18) is divided by 31.
24
Suppose -66 = 68*b - 72*b + f, -5*f + 30 = 0. Suppose 2 = -4*i + 10. Calculate the remainder when b is divided by i.
0
Suppose 16*o = 11*o - 105. Let k = 23 + o. Suppose -g + 4 = 0, -2 + 0 = -k*m + 4*g. Calculate the remainder when 51 is divided by m.
6
Suppose 19526 + 5415 = 49*h. Calculate the remainder when h is divided by 51.
50
Suppose w - 3*m = 5*w - 299, w + 5*m - 96 = 0. Suppose 5*a - w = -1. Suppose v + 13 - 19 = 0. What is the remainder when a is divided by v?
2
Suppose 5*a + 1 = 3*l, 0*l + l - 5 = -3*a. Suppose 0 = 3*k + l*g - 20, -4*k + 2*g + g + 4 = 0. Calculate the remainder when 19 is divided by k.
3
Suppose 127*d + 693 = 5*s + 125*d, 0 = -5*s + 4*d + 701. Calculate the remainder when 357 is divided by s.
83
Suppose 51 = c + 4*h - 86, 0 = 5*c - 3*h - 754. Let l = 42768 + -42718. What is the remainder when c is divided by l?
49
Let d = -24340 + 24684. Calculate the remainder when 1344 is divided by d.
312
Let w(y) = 5*y**2 - 84*y - 23. Calculate the remainder when w(19) is divided by (-4)/22 - -15*556/132.
60
Let l(s) = 3*s**3 - 2*s**2 - 9*s + 6. Suppose -11*r = -7*r - 20. What is the remainder when l(r) is divided by 17?
14
Suppose 156 = -4*q - 9*q. Let b be 15*(29/20 + 3/q). Suppose -4*v + 5*g = -47, -2*v + b = v + 2*g. What is the remainder when v is divided by 4?
0
Suppose 40*z - 10008 = -3803 + 20115. Calculate the remainder when z is divided by 323.
12
What is the remainder when 2*(4/8)/(7/6629) is divided by 135?
2
Let d = 1769 + -1566. What is the remainder when 821 is divided by d?
9
Suppose 27*i = -80*i + 754 + 1065. Let y(n) = 7*n**2 + n. Let r(m) = m**3 + 8*m**2 - 8*m + 12. Let t be r(-9). What is the remainder when y(t) is divided by i?
15
Let i(n) = 0*n**3 - 6*n - 3*n**3 - 30*n**2 + n**3 - 5 + 36*n**2. Let c be i(4). Let a = -53 - c. Calculate the remainder when 29 is divided by a.
5
Suppose 0 = 89*x + 2393 - 10047. Calculate the remainder when x is divided by 4*22/4 - 0.
20
Let o = -586 - -597. Suppose 0 = 4*m - 3*k + 14 - 35, 4*m - o = 5*k. What is the remainder when 95 is divided by m?
5
Let z = 61067 - 60971. Suppose 8 = -3*f + f, 4*h - 3*f = 140. Calculate the remainder when z is divided by h.
0
Suppose 3*q + 2*l - 117 = -l, -200 = -5*q - 4*l. Calculate the remainder when 1923 is divided by q.
31
Let l = -2828 - -3941. What is the remainder when 3340 is divided by l?
1
Suppose -4*g = -9*g + 860. Suppose g*t - 173*t = 10. What is the remainder when 85 is divided by (-4)/t*110/4?
8
Let m = 369 + -359. Suppose -m*w = 2*w - 240. Calculate the remainder when 51 is divided by w.
11
Suppose -49*z = -182*z + 326781. Calculate the remainder when z is divided by 272.
9
Let f(a) = 7*a**3 - 2*a**2 - 12*a + 39. Calculate the remainder when f(3) is divided by 51.
21
Suppose 95*s - 20484 = -109*s + 192*s. Calculate the remainder when s is divided by 38.
35
Let m(y) = 11*y**2 - 282*y - 94. Suppose -131 = -4*x - 3*t, -5*x + t + 185 - 26 = 0. Calculate the remainder when x is divided by m(26).
2
Let r(j) = -37*j - 3. Let x(o) = -9*o - 1. Let b(d) = -2*r(d) + 9*x(d). Let n be b(-2). Suppose -i + n = -65. Calculate the remainder when i is divided by 13.
11
Let b(y) be the first derivative of 1/4*y**4 + 4*y**2 + 11/3*y**3 - 7*y - 14. Calculate the remainder when 47 is divided by b(-10).
8
Let v = 62 - 49. Suppose m = v*m - 396. Suppose -5*a + 2*h = -133, a + 0*h - 2*h - m = 0. Calculate the remainder when 124 is divided by a.
24
Suppose 4*s - 581 = -a, -88*s = -89*s + 5*a + 140. What is the remainder when s is divided by 44?
13
Suppose 15 = 4*u + 35, -4*s - 3*u = -57. What is the remainder when 806 is divided by s?
14
What is the remainder when 68 is divided by 5 + (-442)/(-17) - 5?
16
Suppose 42 + 27 = 3*a. Suppose 14 = 5*p + 2*r, 0*r = -4*r + 8. Suppose 5*o + p*o = 301. Calculate the remainder when o is divided by a.
20
Let j(p) = p**3 - 24*p**2 + 51*p + 9. Suppose 28*q - 404 = 212. Calculate the remainder when j(q) is divided by 7.
2
Calculate the remainder when 341 is divided by 10/(-15 - 16030/(-1064)).
37
Calculate the remainder when 1477 is divided by ((-5)/(-4))/(630/3024) + 12*15.
175
Let l = 26019 - 25980. Calculate the remainder when 941 is divided by l.
5
Suppose v - 4*q = 21, 103*v + 3*q = 101*v + 20. Let h = -59 - -116. What is the remainder when h is divided by v?
5
Suppose 6421 = 5*l - 3*z - 2504, 0 = -2*l - 3*z + 3549. Calculate the remainder when l is divided by 7.
4
Let w = -23952 + 24039. Calculate the remainder when w is divided by 29.
0
Suppose -4*u + 5583 = -l - 5601, -5*u + 4*l = -13969. Calculate the remainder when u is divided by 10.
7
Let w(t) be the third derivative of t**4/8 + 67*t**3/6 - 7*t**2 - 13*t. Calculate the remainder when w(-12) is divided by 18.
13
Suppose 2*d - 921 = -d. Let q(u) = 855*u + 76957. Calculate the remainder when d is divided by q(-90).
6
Let s = 4185 + -3981. Calculate the remainder when s is divided by 77.
50
Suppose -t - 879 = -4*w - 43, -t = -2*w + 422. Suppose -9 = 3*o, 5*o + 183 = 4*s - 0*s. Calculate the remainder when w is divided by s.
39
Suppose -53 = 6*b - 65. Suppose 0 = 3*t - b*q - 93, 14*t + q = 9*t + 168. Let v = 13 - 6. Calculate the remainder when t is divided by v.
5
Let w be (3/(-3))/1 - -1. Suppose -x - 116 = -4*x + r, -5*x + 3*r + 192 = w. What is the remainder when x is divided by (-2 + 3 - -1) + (13 - 1)?
11
Let o = 13774 + -13705. Calculate the remainder when 142 is divided by o.
4
Suppose -d + 44 = 3. Suppose -4*h - 4*q + 16 = 0, -38 - 44 = -3*h + 4*q. What is the remainder when d is divided by h?
13
Let u(r) = 13*r + 41. Let t be u(-3). Suppose -17*l + 215 = -14*l - t*j, 5*j + 200 = 3*l. What is the remainder when l is divided by 17?
7
Let j(u) = 6*u + 2. Let o(h) = -9*h - 90. Suppose 94 = -5*c + 2*n - 5, 0 = -2*c + 2*n - 42. Calculate the remainder when o(c) is divided by j(2).
11
Let o = -56 - -58. Calculate the remainder when 122 is divided by 76/o + (-24)/(-16)*2.
40
Suppose -2*f = -6*f - 40. Let l = f - -26. Let z = -17021 + 17048. Calculate the remainder when z is divided by l.
11
Suppose 6*p = 3*s + 5235, 5*p - 6*p = -4*s - 897. Calculate the remainder when p is divided by 13.
11
What is the remainder when (234 - 236)/((-6)/4 - (-5732)/3832) is divided by 123?
110
Let h(m) = 15*m**3 - 12*m**2 + 38*m - 39. What is the remainder when 761 is divided by h(2)?
107
Let a(z) = -36*z + 4799. What is the remainder when a(125) is divided by 131?
37
Suppose 4*u - 197 = u - 5*f, 2*f - 212 = -3*u. Suppose -10*m + 65 = -85. What is the remainder when u is divi